r when 1361828 is divided by 88.
28
What is the remainder when 306833 is divided by 161?
128
What is the remainder when 26914692 is divided by 2273?
99
What is the remainder when 21699903 is divided by 7233256?
135
Calculate the remainder when 245102 is divided by 156.
26
What is the remainder when 79131 is divided by 1255?
66
Calculate the remainder when 1509026 is divided by 251363.
848
Calculate the remainder when 503883 is divided by 251786.
311
Calculate the remainder when 47701090 is divided by 2015.
2010
What is the remainder when 3699226 is divided by 46?
44
Calculate the remainder when 607285393 is divided by 4052.
4049
What is the remainder when 3935768 is divided by 983890?
208
What is the remainder when 33774700 is divided by 3414?
3412
Calculate the remainder when 66137 is divided by 4801.
3724
Calculate the remainder when 981277 is divided by 2411.
0
What is the remainder when 2315519 is divided by 121?
63
What is the remainder when 738950 is divided by 322?
282
Calculate the remainder when 22419603 is divided by 49.
45
Calculate the remainder when 18487 is divided by 1483.
691
Calculate the remainder when 280468 is divided by 93478.
34
Calculate the remainder when 22104606 is divided by 11555.
11446
Calculate the remainder when 19250046 is divided by 2962.
8
Calculate the remainder when 45215644 is divided by 6625.
19
What is the remainder when 621843797 is divided by 327?
323
Calculate the remainder when 2063643557 is divided by 22.
19
What is the remainder when 22678 is divided by 1010?
458
Calculate the remainder when 7497842 is divided by 833089.
41
What is the remainder when 1669792 is divided by 57579?
1
What is the remainder when 422891 is divided by 7291?
13
Calculate the remainder when 39115 is divided by 3899.
125
Calculate the remainder when 325400 is divided by 1686.
2
What is the remainder when 284663 is divided by 56928?
23
Calculate the remainder when 107971 is divided by 2745.
916
Calculate the remainder when 257919 is divided by 57.
51
What is the remainder when 476994 is divided by 456?
18
What is the remainder when 7936423 is divided by 235?
3
Calculate the remainder when 1264257745 is divided by 525.
520
Calculate the remainder when 125292644 is divided by 454.
448
What is the remainder when 62282 is divided by 1005?
977
What is the remainder when 3547158 is divided by 39?
30
What is the remainder when 13873082 is divided by 6936532?
18
What is the remainder when 571787 is divided by 67?
9
What is the remainder when 183290 is divided by 19952?
3722
What is the remainder when 283452 is divided by 332?
256
Calculate the remainder when 395927633 is divided by 12819.
12818
What is the remainder when 3463009 is divided by 5840?
5729
Calculate the remainder when 153038 is divided by 5107.
4935
Calculate the remainder when 2338169 is divided by 885.
884
Calculate the remainder when 14508 is divided by 1960.
788
Calculate the remainder when 139615 is divided by 1552.
1487
Calculate the remainder when 93771 is divided by 3840.
1611
Calculate the remainder when 2856048 is divided by 54.
42
What is the remainder when 562250 is divided by 226?
188
Calculate the remainder when 1835833 is divided by 458951.
29
What is the remainder when 83549469 is divided by 47?
13
Calculate the remainder when 2798871 is divided by 686.
677
Calculate the remainder when 13055078 is divided by 169.
166
Calculate the remainder when 346195 is divided by 115382.
49
Calculate the remainder when 17723544 is divided by 1667.
0
What is the remainder when 40740079 is divided by 30934?
1
Calculate the remainder when 39577851 is divided by 686.
453
What is the remainder when 22578 is divided by 22535?
43
Calculate the remainder when 1530497 is divided by 58.
51
Calculate the remainder when 3292446 is divided by 164622.
6
What is the remainder when 144250 is divided by 27879?
4855
Calculate the remainder when 1203087 is divided by 499.
497
What is the remainder when 40956642 is divided by 768?
738
What is the remainder when 892338 is divided by 148693?
180
What is the remainder when 104422778 is divided by 839?
838
What is the remainder when 1122820 is divided by 1166?
1128
What is the remainder when 635760 is divided by 33433?
533
What is the remainder when 64438 is divided by 2170?
1508
What is the remainder when 30884 is divided by 125?
9
What is the remainder when 450409173 is divided by 2969?
2966
What is the remainder when 579668 is divided by 289829?
10
Calculate the remainder when 431463 is divided by 1723.
713
What is the remainder when 17132746 is divided by 2132?
2126
What is the remainder when 3127909 is divided by 113?
69
Calculate the remainder when 1248716 is divided by 605.
601
Calculate the remainder when 52152 is divided by 38256.
13896
What is the remainder when 22605133 is divided by 142?
11
Calculate the remainder when 3280003 is divided by 72868.
943
What is the remainder when 166120 is divided by 2427?
1084
What is the remainder when 847564 is divided by 84738?
184
Calculate the remainder when 3260252 is divided by 1086745.
17
Calculate the remainder when 692972 is divided by 976.
12
What is the remainder when 3766824 is divided by 115?
114
What is the remainder when 2498705 is divided by 120?
65
What is the remainder when 1186793 is divided by 118584?
953
Calculate the remainder when 83658674 is divided by 14.
8
Calculate the remainder when 20647 is divided by 6787.
286
What is the remainder when 6710505 is divided by 280?
25
Calculate the remainder when 178771099 is divided by 78374.
5
What is the remainder when 220353193 is divided by 11?
5
Calculate the remainder when 1406397 is divided by 1406282.
115
What is the remainder when 20577 is divided by 9707?
1163
What is the remainder when 26044199 is divided by 419?
416
What is the remainder when 22197188 is divided by 4156?
4148
What is the remainder when 111463 is divided by 640?
103
What is the remainder when 199732728 is divided by 1884271?
2
Calculate the remainder when 3436029 is divided by 264305.
64
What is the remainder when 11433068 is divided by 3811021?
5
Calculate the remainder when 434076 is divided by 84.
48
Calculate the remainder when 125631 is divided by 405.
81
Calculate the remainder when 331878 is divided by 110614.
36
What is the remainder when 3296306 is divided by 114?
110
What is the remainder when 64748877 is divided by 7088?
7085
What is the remainder when 504161 is divided by 445?
421
What is the remainder when 163175 is divided by 1813?
5
What is the remainder when 129756 is divided by 9249?
270
What is the remainder when 16650836 is divided by 119?
118
What is the remainder when 8837738 is divided by 36671?
27
Calculate the remainder when 209027 is divided by 14893.
525
What is the remainder when 92749965 is divided by 84?
21
Calculate the remainder when 9862767 is divided by 411.
0
Calculate the remainder when 116292415 is divided by 166132.
15
Calculate the remainder when 1350190 is divided by 20151.
73
What is the remainder when 400781 is divided by 11444?
241
What is the remainder when 8201073 is divided by 27?
12
What is the remainder when 4190990 is divided by 1396964?
98
What is the remainder when 18491316 is divided by 6163742?
90
Calculate the remainder when 352714304 is divided by 485.
479
Calculate the remainder when 1044429 is divided by 1400.
29
Calculate the remainder when 226687047 is divided by 9594.
15
What is the remainder when 7187 is divided by 7159?
28
Calculate the remainder when 13698131 is divided by 1069.
1034
Calculate the remainder when 279876 is divided by 2392.
12
What is the remainder when 4339468 is divided by 615?
28
What is the remainder when 3463184 is divided by 53278?
114
Calculate the remainder when 2825559 is divided by 683.
671
What is the remainder when 8052173 is divided by 14?
3
Calculate the remainder when 636845 is divided by 390.
365
Calculate the remainder when 1608834 is divided by 113.
53
What is the remainder when 968584 is divided by 98?
50
Calculate the remainder when 3827828 is divided by 333.
326
Calculate the remainder when 51151 is divided by 8513.
73
What is the remainder when 249587 is divided by 124722?
143
Calculate the remainder when 2561671 is divided by 365736.
1519
What is the rema